t is the highest common factor of 118048 and 217?
217
Calculate the greatest common factor of 160 and 18.
2
Calculate the highest common divisor of 3104 and 12610.
194
What is the greatest common divisor of 198940 and 40?
20
What is the greatest common factor of 114353 and 865?
173
What is the greatest common factor of 84246 and 81290?
1478
What is the highest common factor of 48294 and 45?
9
What is the greatest common factor of 414 and 41814?
414
Calculate the highest common factor of 2875713 and 426.
213
What is the greatest common divisor of 560 and 235130?
70
What is the greatest common divisor of 24738 and 5425?
217
Calculate the highest common divisor of 120015 and 540.
135
Calculate the greatest common divisor of 217734 and 165.
33
What is the greatest common factor of 158676 and 42?
42
Calculate the greatest common factor of 120796 and 260.
52
Calculate the greatest common factor of 4977 and 81.
9
What is the greatest common factor of 299432 and 168?
56
Calculate the highest common factor of 2880 and 292032.
576
What is the highest common factor of 43533 and 63?
63
Calculate the highest common divisor of 24922 and 34.
34
Calculate the highest common divisor of 30 and 68130.
30
Calculate the highest common divisor of 216 and 885696.
24
What is the highest common divisor of 35 and 209995?
5
What is the greatest common divisor of 6067814 and 92?
46
What is the highest common factor of 61366 and 61?
61
What is the greatest common factor of 286929 and 27?
27
What is the highest common factor of 17960 and 320?
40
What is the greatest common factor of 316477 and 203?
203
What is the greatest common factor of 8801912 and 56?
56
What is the greatest common divisor of 17178 and 938?
14
Calculate the greatest common divisor of 6075 and 1116450.
675
Calculate the greatest common factor of 56628 and 1980.
396
What is the highest common factor of 1255138 and 142?
142
What is the greatest common divisor of 46461 and 1071?
51
What is the highest common factor of 344 and 3870?
86
Calculate the greatest common divisor of 2914 and 15314.
62
Calculate the greatest common divisor of 83880 and 1710.
90
Calculate the highest common divisor of 432 and 2322.
54
What is the greatest common divisor of 81472 and 2736?
304
What is the greatest common factor of 47099 and 1092?
13
What is the greatest common divisor of 12384 and 1440?
288
Calculate the greatest common factor of 10780640 and 584.
584
Calculate the highest common divisor of 1281 and 570777.
183
Calculate the greatest common divisor of 273 and 375.
3
What is the greatest common divisor of 686 and 7406?
14
Calculate the highest common divisor of 5666 and 46.
2
What is the greatest common factor of 270618 and 318?
318
Calculate the greatest common factor of 92414 and 23506.
322
What is the greatest common divisor of 35 and 1829492?
7
What is the highest common factor of 74 and 76?
2
What is the highest common factor of 155260 and 560?
140
What is the greatest common divisor of 11016 and 87642?
162
Calculate the greatest common factor of 54 and 46218.
6
Calculate the greatest common divisor of 163872 and 360.
72
Calculate the highest common factor of 56 and 87304.
56
What is the greatest common divisor of 720 and 7120?
80
Calculate the greatest common divisor of 2889 and 729.
27
Calculate the highest common divisor of 138794 and 4350.
58
What is the highest common divisor of 74465 and 4505?
265
What is the highest common divisor of 55 and 12605?
5
Calculate the highest common divisor of 22495 and 495.
55
What is the greatest common divisor of 153034 and 238?
238
What is the greatest common factor of 2820 and 6216690?
1410
What is the highest common divisor of 180670 and 910?
70
Calculate the highest common divisor of 579 and 166559.
193
Calculate the greatest common factor of 1106126 and 98.
98
Calculate the greatest common divisor of 80 and 174448.
16
What is the highest common divisor of 52681 and 139?
139
What is the greatest common factor of 108 and 104292?
36
Calculate the highest common divisor of 328066 and 323.
17
What is the greatest common divisor of 26724 and 9180?
204
Calculate the highest common divisor of 52 and 609843.
13
Calculate the greatest common factor of 4439 and 115.
23
Calculate the greatest common factor of 105 and 54215.
35
Calculate the greatest common divisor of 25509 and 77.
11
Calculate the highest common divisor of 55438 and 1643.
53
Calculate the greatest common divisor of 184 and 3631332.
92
What is the highest common divisor of 858011 and 2541?
847
Calculate the highest common divisor of 306043 and 463.
463
Calculate the highest common divisor of 21 and 7287.
21
Calculate the greatest common factor of 281533 and 41306.
1087
What is the greatest common divisor of 234 and 48438?
234
What is the greatest common factor of 1540 and 32912?
44
Calculate the greatest common divisor of 99036 and 4644.
108
What is the greatest common divisor of 6419 and 11417?
49
Calculate the highest common divisor of 14164 and 36.
4
Calculate the greatest common divisor of 661182 and 11835.
789
Calculate the greatest common divisor of 427 and 1708427.
427
What is the greatest common divisor of 156367 and 12737?
271
What is the highest common factor of 146121 and 795?
159
What is the greatest common factor of 351 and 11193?
39
What is the greatest common divisor of 17329 and 65689?
403
Calculate the greatest common factor of 26 and 2944045.
13
What is the highest common factor of 1188 and 40194?
198
What is the highest common divisor of 245 and 749?
7
What is the greatest common divisor of 51 and 524263?
17
What is the highest common factor of 24394 and 2?
2
What is the highest common divisor of 1117594 and 12256?
766
Calculate the greatest common factor of 32175 and 22165.
715
Calculate the highest common factor of 6 and 158646.
6
What is the highest common factor of 18828 and 2615?
523
What is the greatest common divisor of 34720 and 610?
10
What is the greatest common divisor of 8060 and 940?
20
What is the greatest common divisor of 63 and 560259?
63
Calculate the greatest common divisor of 336231 and 243.
81
Calculate the greatest common factor of 1033851 and 91.
91
What is the highest common factor of 355844 and 170?
34
What is the highest common factor of 10825 and 75?
25
Calculate the greatest common divisor of 2201 and 140182.
31
Calculate the highest common divisor of 16244 and 248.
124
Calculate the highest common divisor of 4369 and 1799.
257
Calculate the greatest common divisor of 5 and 24495.
5
What is the highest common divisor of 21996 and 3008?
188
What is the highest common factor of 21536 and 8749?
673
Calculate the greatest common divisor of 160 and 18010.
10
Calculate the highest common factor of 1292355 and 405.
405
Calculate the highest common divisor of 549 and 10919.
61
What is the greatest common factor of 990 and 12?
6
Calculate the highest common divisor of 9232240 and 74.
74
What is the highest common divisor of 20336 and 3224?
248
What is the greatest common divisor of 21 and 204393?
21
Calculate the greatest common factor of 155536 and 16.
16
What is the highest common factor of 12 and 280204?
4
What is the highest common factor of 36503 and 346?
173
What is the greatest common factor of 3 and 304401?
3
What is the highest common divisor of 553247 and 1454?
727
Calculate the highest common factor of 110 and 24838.
22
Calculate the highest common divisor of 781 and 143.
11
Calculate the highest common factor of 84 and 1189314.
42
Calculate the greatest common factor of 94278 and 114.
114
What is the highest common divisor of 50680 and 7964?
724
What is the greatest common divisor of 309 and 339?
3
What is the highest common divisor of 15171 and 702?
39
What is the greatest common divisor of 6396 and 284?
4
What is the highest common factor of 1200 and 361275?
75
Calculate the greatest common factor of 301413 and 2387.
217
What is the greatest common factor of 1598 and 1836?
34
What is the highest common divisor of 1853 and 2652?
17
Calculate the greatest common factor of 2114 and 1358.
14
Calculate the highest common divisor of 220 and 35486.
22
What is the highest common factor of 9 and 666057?
3
What is the highest common divisor of 1345114 and 1?
1
Calculate